Suppose -b = -2*p + 5*r, -5*r = -3*p + 17 + 11. Is 76 + -1 - (p + 0) a prime number?
False
Suppose 0 = -5*n - 2*s + 9, 3*s - 4 + 22 = 3*n. Suppose -8*h + n*h - 3*z = -8665, -3*h = -2*z - 5199. Is h a prime number?
True
Suppose j = -4*v + 14185, -3*v = v. Is j composite?
True
Let q = -30 + 1001. Is q prime?
True
Suppose 0 = -3*g - q + 26287, 5*g + q - 53040 = -9231. Is g a prime number?
True
Is 6740 + 4/(20/(-5)) prime?
False
Let h(x) = 3*x - 3. Let s be h(6). Suppose -s*m - 10 = -20*m. Suppose -u + m*c + 1147 = 2*u, 4*c = 4*u - 1536. Is u prime?
True
Let c(g) be the second derivative of 117*g**4/4 - g**3/2 - 5*g**2/2 + 41*g. Is c(-2) a composite number?
True
Let r(u) = -178*u + 6. Let j be r(-14). Suppose 2*p + 5*z - 3*z = 1242, 3*z = 4*p - j. Is p prime?
False
Let m(s) = -6*s - 7. Let o(x) be the third derivative of -x**6/120 - x**5/15 - x**4/24 - 2*x**3/3 + 8*x**2. Let h be o(-3). Is m(h) prime?
True
Let l(t) = 32*t**3 + 1 - 4*t + 3 - 9*t**2 + 10*t - 2*t. Is l(3) prime?
False
Let w(i) be the first derivative of i**4/4 + 4*i**3 + 5*i**2 - 10*i - 2. Let f be w(-11). Is 0/(-4) - f - -392 a prime number?
False
Suppose 5*b - 3*k = 267358, 3*k = -2*b + 5*b - 160416. Is b composite?
True
Is 7286*(3 - (-15)/(-6)) a composite number?
False
Let o = -16411 + 29876. Is o a prime number?
False
Let l = -437 - -1106. Is l a prime number?
False
Suppose -12*i = -8*i - 25340. Suppose -5*w - i = -2*g, 2*g - 2*w + w - 6315 = 0. Is g a composite number?
True
Let t(z) = 394*z + 13. Is t(25) prime?
False
Let o(h) be the third derivative of -3*h**4 - h**3/6 - 3*h**2. Is o(-3) composite?
True
Let b(g) = -2 + 39*g**2 + 4*g + 29*g**2 - 3. Is b(-4) composite?
True
Suppose 16*x = 9*x + 42. Is (-3)/2 - (-4287)/x prime?
False
Let n = -55 + 80. Let l = n + -24. Is 169 - -6 - (l + -4) a composite number?
True
Is -49466*(12/(-24))/(0 + 1) composite?
False
Suppose -2*v - 4*z + 0*z + 486 = 0, 2*v - 5*z = 522. Is v a composite number?
False
Suppose -6*s - 26985 = -5*w - 11*s, 4*w - 21608 = s. Is w a prime number?
False
Suppose -4 + 9 = -5*s. Let b be -3 - 4/(-3 + s). Let h(r) = -2*r**3 - 2*r**2 - 2*r + 2. Is h(b) a prime number?
False
Suppose 6*n + 12 - 12 = 0. Suppose -7*h + 4*h + 291 = n. Is h a prime number?
True
Let y be 1 + (-1 - -1*2). Let k(c) = -c**3 - 19*c**2 - 19*c - 18. Let o be k(-18). Suppose 4*m - 4*q = 340, 0 = -5*m - y*q - o*q + 453. Is m prime?
True
Let d(n) = -n**3 + 4*n**2 - 2*n. Let q be d(3). Suppose 0*k + q*k = -60. Let c = k - -39. Is c prime?
True
Let d be ((-2)/(-4))/(0 - 1/(-12)). Suppose -3*h + 1915 = -4*p, 3*h - d*h = -3*p - 1917. Is h composite?
False
Suppose -5*c - 31*d + 22713 = -29*d, -3*c + 13627 = d. Is c a composite number?
True
Let s(k) = -k**3 - 9*k**2 - 7*k + 10. Let x be s(-8). Suppose -12 = -2*t - x*t. Suppose 7*u - t*u - 444 = 0. Is u prime?
False
Let w(k) = 101*k - 51. Let a be w(22). Let t = a + -1164. Is t prime?
False
Let u(i) = 8*i**2 + i + 2. Suppose -2*a - a = k - 9, a - 14 = -4*k. Let w be u(a). Is 380/3 - (-12)/w a composite number?
False
Suppose -4*u + 4*n + 32 = 0, -5*u - 2*n + 11 + 1 = 0. Is (2 - 0)*(1 - (-1098)/u) a prime number?
False
Let w = 92 + -102. Let u(l) = l**3 + 20*l**2 - 9. Is u(w) prime?
True
Suppose -4*x + 6057 = 5*c - 73675, -2*x - 2*c = -39866. Is x a prime number?
False
Suppose -5*f - 28 = -43. Let l(s) = 1749*s + 26. Is l(f) composite?
False
Let x(u) = u**3 - 5*u**2 - 4*u - 12. Let t be x(6). Suppose t*k + k = 265. Is k a composite number?
True
Suppose 4*g + x - 27 = 0, -1 = 3*g + 7*x - 2*x. Suppose -g = -3*k + k. Suppose 0*d + 3*n = -2*d + 155, -233 = -3*d - k*n. Is d prime?
True
Let v(y) = 781*y + 17. Let x(u) = -521*u - 12. Let m(w) = 5*v(w) + 7*x(w). Is m(1) composite?
True
Let w = -72 - -275. Is w a composite number?
True
Suppose 14*u - 15 = 9*u. Let y(p) = 87*p**2 + 5*p - 5. Let c be y(4). Is (5/5)/(u/c) prime?
False
Let b(o) = o**2 - 4*o - 4. Let j = 25 - 27. Let s(l) = -3*l**3 - l**2 + l - 3. Let q be s(j). Is b(q) composite?
True
Is (8 - 10) + (-962)/(-2) composite?
False
Let q(k) = -144*k - 4. Suppose 10 = -2*o + 2. Let y be q(o). Suppose 4*a = y + 1464. Is a composite?
False
Suppose -5*y + 4*q = -1041 - 1002, -2*q - 1227 = -3*y. Is y a composite number?
True
Suppose 2*a - y - 11 + 3 = 0, -2*y = -a + 7. Suppose a*g + 1074 = 4011. Is g a composite number?
True
Let a = 1220 + 537. Is a composite?
True
Let v = -76 - -74. Is 30/40 - -3553*v/(-8) a prime number?
False
Let r(p) = -p**2 - 4*p + 7. Let v be r(-5). Suppose 4*u = -l + 380, v*u + 1900 = 5*l + 3*u. Is l/10 + 1*-3 a prime number?
False
Suppose -12 = -3*y - y. Suppose -y*g = -2*p, -3*g + 0 = -3*p + 3. Suppose -p*h + 742 = -h - 3*x, -5*x = -h + 371. Is h composite?
True
Suppose 0 = -35*c + 34*c - v + 5292, -5*c + 26510 = -5*v. Is c prime?
True
Let h be (-582)/9*(0 - -6). Let o = -153 - h. Suppose z = 5*x - o, -3*z = -4*x + z + 204. Is x prime?
False
Let i be (-3 + 4)/(1/(-41)). Let y = -7 - i. Is y composite?
True
Let a = 15 + -18. Let p be 3 + (7 - -1) + a. Suppose -3*c = 5*r - p - 406, 3*r = 4*c - 581. Is c a prime number?
False
Let f be -2 + 10438/(-8) - (-15)/20. Let t = -113 - f. Is t prime?
True
Is 2 - -15089 - (-28 - -28) prime?
True
Let x be 61602/24 + (-2)/(-8). Let j = x - 1170. Is j prime?
False
Suppose 5*v - v = 5*f + 29, 23 = -2*v - 5*f. Suppose 5*z - v = 9. Suppose -z*d = -0*h - h - 211, -2*d = h - 201. Is d a prime number?
True
Suppose -k - k = 0. Let x be ((-3)/(-3))/(8/32). Suppose -5*f + 151 + x = k. Is f composite?
False
Let q(g) = -2*g**2 + g + 1. Let f be q(-1). Let t be 1 - (f - -6)*-8. Let s = t - 2. Is s a composite number?
False
Let l be (20/2)/(-12 + 14). Suppose -4*g + 16 = 0, q = 4*q - l*g - 2647. Is q prime?
False
Let h(v) be the third derivative of -v**7/2520 + v**6/48 - v**5/10 + 13*v**4/24 + 8*v**2. Let m(g) be the second derivative of h(g). Is m(10) a prime number?
False
Suppose -q - 6 = -6*q - 4*z, -4*z - 4 = 0. Suppose 5*s = -5*f + 8480, -q*f - 189 = s - 1888. Is s a composite number?
False
Let y = -2 + 4. Let b be 1 - (-155 + y + -3). Suppose -t + 474 = b. Is t composite?
False
Suppose 0 = -49*t + 4*t + 479295. Is t a composite number?
False
Let j(w) be the third derivative of -5*w**4/24 - 5*w**3/6 - 2*w**2. Let c = -18 + 10. Is j(c) a prime number?
False
Let n(b) be the second derivative of b**3/3 - b**2/2 + b. Let m be ((-3)/(-3))/((-1)/(-11)). Is n(m) composite?
True
Let p(j) = 73*j + 1. Let g be p(-1). Let u be -6 - (-5 - 84/2). Let q = u - g. Is q a prime number?
True
Suppose -11*s + 17*s - 1422 = 0. Is s a prime number?
False
Let v(w) = 7*w + 8. Let u(r) = 2*r. Let f be u(4). Let j be v(f). Let i = j + -33. Is i a composite number?
False
Is 45/(-105) + (-2011120)/(-14) a composite number?
False
Suppose -5*a + 0 = -5*k + 10, 5*a + 6 = 3*k. Suppose -k + 0 = -b. Suppose 3*u = -2*i + 143, -5*u + 0*i + 249 = -b*i. Is u composite?
True
Let t(h) = 1054*h**3 - 6*h**2 + 30*h - 65. Is t(3) composite?
False
Suppose -823*i = -816*i - 52493. Is i a composite number?
False
Let p(k) be the third derivative of -k**4/12 - 2*k**3/3 - 4*k**2. Let i be p(-4). Suppose o - 5*o - 39 = -d, i*d - 104 = 3*o. Is d prime?
True
Let n = -11 + 88. Let l = 42 - n. Is (-3 - (-3 + 1))*l prime?
False
Suppose -5 + 21 = -8*i. Is (-5710)/(-60) + i + (-33)/(-18) a prime number?
False
Suppose -4*d + 412444 = 2*b, 5*d - 515549 = 12*b - 13*b. Is d composite?
True
Suppose 0 = l + 2*l - 63. Let q = 460 + l. Is q a prime number?
False
Let j(s) = 45*s + 12. Let n be (-17)/(-17) - (0 - 4). Is j(n) a composite number?
True
Suppose -3*q - 4*y = -21395, y = 2*q - 0*y - 14256. Is q prime?
True
Suppose 35 = -2*b - r, -2*b + 3*b - 3*r + 14 = 0. Let t(f) = -9*f + 8. Let q be t(b). Let x = q + -75. Is x prime?
False
Let p be 0*2/(-4) + -4. Let x(s) = -s**2 - 5*s - 2. Let d be x(p). Suppose d*b - 4 - 72 = 0. Is b prime?
False
Suppose 5*n - 359 + 1188 = 4*x, 0 = -2*x - 4*n + 434. Is x composite?
False
Suppose 4*u + 4*c = 16520, 4*c - 12392 = -3*u + 2*c. Let n = u + -2469. Is n a composite number?
False
Let v be 3 - (-3)/(-6)*0. Let n(m) = 8 - v*m + m - m + m. Is n(-7) a composite number?
True
Is (255228/(-18))/((-30)/225) prime?
False
Is (1/2)/((-24)/(-46416)) prime?
True
Let f be 1732*1/(-3)*18/(-12). Suppose f = 10*v + 316. Is v a prime number?
False
Let